{"id":1800,"date":"2021-11-24T09:55:11","date_gmt":"2021-11-24T09:55:11","guid":{"rendered":"https:\/\/g-r-company.com\/?page_id=1800"},"modified":"2022-06-20T13:30:00","modified_gmt":"2022-06-20T13:30:00","slug":"projektabteilung","status":"publish","type":"page","link":"https:\/\/g-r-company.com\/?page_id=1800","title":{"rendered":"Projektabteilung"},"content":{"rendered":"<p><div class=\"fusion-fullwidth fullwidth-box fusion-builder-row-1 nonhundred-percent-fullwidth non-hundred-percent-height-scrolling\" style=\"background-color: rgba(255,255,255,0);background-position: center center;background-repeat: no-repeat;padding-top:0px;padding-right:0px;padding-bottom:0px;padding-left:0px;margin-bottom: 0px;margin-top: 0px;border-width: 0px 0px 0px 0px;border-color:#e2e2e2;border-style:solid;\" ><div class=\"fusion-builder-row fusion-row\"><div class=\"fusion-layout-column fusion_builder_column fusion-builder-column-0 fusion_builder_column_1_1 1_1 fusion-one-full fusion-column-first fusion-column-last\" style=\"margin-top:0px;margin-bottom:20px;\"><div class=\"fusion-column-wrapper fusion-flex-column-wrapper-legacy\" style=\"background-position:left top;background-repeat:no-repeat;-webkit-background-size:cover;-moz-background-size:cover;-o-background-size:cover;background-size:cover;padding: 0px 0px 0px 0px;\"><div class=\"fusion-text fusion-text-1\"><h1>Einleitung:<\/h1>\n<p>Durch diesen Service will die GRC German Resources Company GmbH ihr Fachwissen in der Projektentwicklung und im Projektmanagement zur Verf\u00fcgung stellen, um Projektbesitzern und Unternehmen strategische Pl\u00e4ne bereitzustellen, wodurch Unternehmen auf dem Markt, in den sie eintreten, stark konkurrieren k\u00f6nnen.<\/p>\n<\/div><div class=\"fusion-clearfix\"><\/div><\/div><\/div><\/div><\/div><div class=\"fusion-fullwidth fullwidth-box fusion-builder-row-2 nonhundred-percent-fullwidth non-hundred-percent-height-scrolling\" style=\"background-color: rgba(255,255,255,0);background-position: center center;background-repeat: no-repeat;padding-top:0px;padding-right:0px;padding-bottom:0px;padding-left:0px;margin-bottom: 0px;margin-top: 0px;border-width: 0px 0px 0px 0px;border-color:#e2e2e2;border-style:solid;\" ><div class=\"fusion-builder-row fusion-row\"><div class=\"fusion-layout-column fusion_builder_column fusion-builder-column-1 fusion_builder_column_1_2 1_2 fusion-one-half fusion-column-first\" style=\"width:50%;width:calc(50% - ( ( 4% ) * 0.5 ) );margin-right: 4%;margin-top:0px;margin-bottom:20px;\"><div class=\"fusion-column-wrapper fusion-flex-column-wrapper-legacy\" style=\"background-position:left top;background-repeat:no-repeat;-webkit-background-size:cover;-moz-background-size:cover;-o-background-size:cover;background-size:cover;padding: 0px 0px 0px 0px;\"><div class=\"fusion-builder-row fusion-builder-row-inner fusion-row\"><div class=\"fusion-layout-column fusion_builder_column_inner fusion-builder-nested-column-0 fusion_builder_column_inner_1_1 1_1 fusion-one-full fusion-column-first fusion-column-last\" style=\"margin-top:0px;margin-bottom:20px;\"><div class=\"fusion-column-wrapper fusion-flex-column-wrapper-legacy\" style=\"background-position:left top;background-repeat:no-repeat;-webkit-background-size:cover;-moz-background-size:cover;-o-background-size:cover;background-size:cover;padding: 0px 0px 0px 0px;\"><style type=\"text\/css\"><\/style><div class=\"fusion-title title fusion-title-1 fusion-sep-none fusion-title-text fusion-title-size-one\" style=\"margin-top:10px;margin-right:0px;margin-bottom:15px;margin-left:0px;\"><h1 class=\"title-heading-left\" style=\"margin:0;\">Projektentwicklung<\/h1><\/div><div class=\"fusion-clearfix\"><\/div><\/div><\/div><\/div><style type=\"text\/css\">#accordion-1800-1 .fusion-panel:hover{ border-color: #e2e2e2 } #accordion-1800-1 .fusion-panel { border-color:#e2e2e2; }.fusion-accordian  #accordion-1800-1 .panel-title a .fa-fusion-box{ color: #ffffff;}.fusion-accordian  #accordion-1800-1 .panel-title a .fa-fusion-box:before{ font-size: 16px; width: 16px;}.fusion-accordian  #accordion-1800-1 .panel-title a{font-size:14px;color:#549f97;font-family:\"Cairo\";font-weight:700;}.fusion-accordian  #accordion-1800-1 .toggle-content{font-size:14px;color:#666666;font-family:\"Cairo\";font-weight:400;}.fusion-accordian  #accordion-1800-1 .fa-fusion-box { background-color: #212934;border-color: #212934;}.fusion-accordian  #accordion-1800-1 .panel-title a:not(.active):hover, #accordion-1800-1 .fusion-toggle-boxed-mode:hover .panel-title a { color: #e9a825;}.fusion-accordian  #accordion-1800-1 .panel-title .active .fa-fusion-box,.fusion-accordian  #accordion-1800-1 .panel-title a:not(.active):hover .fa-fusion-box { background-color: #e9a825!important;border-color: #e9a825!important;}<\/style><div class=\"accordian fusion-accordian\"><div class=\"panel-group\" id=\"accordion-1800-1\"><style type=\"text\/css\">.fusion-accordian  #accordion-1800-1 .panel-2e34a485d1c5428f9 .panel-title a{}.fusion-accordian  #accordion-1800-1 .panel-2e34a485d1c5428f9 .toggle-content{}<\/style><div class=\"fusion-panel panel-default panel-2e34a485d1c5428f9\"><div class=\"panel-heading\"><h4 class=\"panel-title toggle\"><a aria-expanded=\"false\" aria-controls=\"2e34a485d1c5428f9\" role=\"button\" data-toggle=\"collapse\" data-parent=\"#accordion-1800-1\" data-target=\"#2e34a485d1c5428f9\" href=\"#2e34a485d1c5428f9\"><span class=\"fusion-toggle-icon-wrapper\" aria-hidden=\"true\"><i class=\"fa-fusion-box active-icon awb-icon-minus\" aria-hidden=\"true\"><\/i><i class=\"fa-fusion-box inactive-icon awb-icon-plus\" aria-hidden=\"true\"><\/i><\/span><span class=\"fusion-toggle-heading\">Die Vision<\/span><\/a><\/h4><\/div><div id=\"2e34a485d1c5428f9\" class=\"panel-collapse collapse \"><div class=\"panel-body toggle-content fusion-clearfix\">\n<p>GRC German Resources Company GmbH will ein Pionier bei der Unterst\u00fctzung und Entwicklung gro\u00dfer, mittlerer, kleiner und kleinster Unternehmen sein.<\/p>\n<\/div><\/div><\/div><style type=\"text\/css\">.fusion-accordian  #accordion-1800-1 .panel-558c1701444123862 .panel-title a{}.fusion-accordian  #accordion-1800-1 .panel-558c1701444123862 .toggle-content{}<\/style><div class=\"fusion-panel panel-default panel-558c1701444123862\"><div class=\"panel-heading\"><h4 class=\"panel-title toggle\"><a aria-expanded=\"false\" aria-controls=\"558c1701444123862\" role=\"button\" data-toggle=\"collapse\" data-parent=\"#accordion-1800-1\" data-target=\"#558c1701444123862\" href=\"#558c1701444123862\"><span class=\"fusion-toggle-icon-wrapper\" aria-hidden=\"true\"><i class=\"fa-fusion-box active-icon awb-icon-minus\" aria-hidden=\"true\"><\/i><i class=\"fa-fusion-box inactive-icon awb-icon-plus\" aria-hidden=\"true\"><\/i><\/span><span class=\"fusion-toggle-heading\">Briefing<\/span><\/a><\/h4><\/div><div id=\"558c1701444123862\" class=\"panel-collapse collapse \"><div class=\"panel-body toggle-content fusion-clearfix\">\n<p> GRC German Resources Company GmbH bietet technische Unterst\u00fctzung f\u00fcr Projekte aller Ebenen.<\/p>\n<\/div><\/div><\/div><style type=\"text\/css\">.fusion-accordian  #accordion-1800-1 .panel-c8752786bb46d54a3 .panel-title a{}.fusion-accordian  #accordion-1800-1 .panel-c8752786bb46d54a3 .toggle-content{}<\/style><div class=\"fusion-panel panel-default panel-c8752786bb46d54a3\"><div class=\"panel-heading\"><h4 class=\"panel-title toggle\"><a aria-expanded=\"false\" aria-controls=\"c8752786bb46d54a3\" role=\"button\" data-toggle=\"collapse\" data-parent=\"#accordion-1800-1\" data-target=\"#c8752786bb46d54a3\" href=\"#c8752786bb46d54a3\"><span class=\"fusion-toggle-icon-wrapper\" aria-hidden=\"true\"><i class=\"fa-fusion-box active-icon awb-icon-minus\" aria-hidden=\"true\"><\/i><i class=\"fa-fusion-box inactive-icon awb-icon-plus\" aria-hidden=\"true\"><\/i><\/span><span class=\"fusion-toggle-heading\">Die Kernwerte des Unternehmens in der Projektentwicklung:<\/span><\/a><\/h4><\/div><div id=\"c8752786bb46d54a3\" class=\"panel-collapse collapse \"><div class=\"panel-body toggle-content fusion-clearfix\">\n<p>1- Transparenz<br \/><span style=\"background-color: rgba(255, 255, 255, 0); font-style: var(--body_typography-font-style,normal); letter-spacing: var(--body_typography-letter-spacing);\">2- Wettbewerbsf\u00e4higkeit<br \/><\/span><span style=\"background-color: rgba(255, 255, 255, 0); font-style: var(--body_typography-font-style,normal); letter-spacing: var(--body_typography-letter-spacing);\">3- Kreativit\u00e4t<br \/><\/span><span style=\"background-color: rgba(255, 255, 255, 0); font-style: var(--body_typography-font-style,normal); letter-spacing: var(--body_typography-letter-spacing);\">4- Innovation<\/span><\/p>\n<\/div><\/div><\/div><style type=\"text\/css\">.fusion-accordian  #accordion-1800-1 .panel-2891ab38ecbe79368 .panel-title a{}.fusion-accordian  #accordion-1800-1 .panel-2891ab38ecbe79368 .toggle-content{}<\/style><div class=\"fusion-panel panel-default panel-2891ab38ecbe79368\"><div class=\"panel-heading\"><h4 class=\"panel-title toggle\"><a aria-expanded=\"false\" aria-controls=\"2891ab38ecbe79368\" role=\"button\" data-toggle=\"collapse\" data-parent=\"#accordion-1800-1\" data-target=\"#2891ab38ecbe79368\" href=\"#2891ab38ecbe79368\"><span class=\"fusion-toggle-icon-wrapper\" aria-hidden=\"true\"><i class=\"fa-fusion-box active-icon awb-icon-minus\" aria-hidden=\"true\"><\/i><i class=\"fa-fusion-box inactive-icon awb-icon-plus\" aria-hidden=\"true\"><\/i><\/span><span class=\"fusion-toggle-heading\">Personen und Gesch\u00e4fte, die von Projektunterst\u00fctzung und -entwicklung profitieren:<\/span><\/a><\/h4><\/div><div id=\"2891ab38ecbe79368\" class=\"panel-collapse collapse \"><div class=\"panel-body toggle-content fusion-clearfix\">\n<p>1- Gesch\u00e4ftsinhaber von Gro\u00dfprojekten und internationalen Unternehmen.<br \/><span style=\"background-color: rgba(255, 255, 255, 0); font-style: var(--body_typography-font-style,normal); letter-spacing: var(--body_typography-letter-spacing);\">2- Mittlere Unternehmen sowie Klein- und Kleinstunternehmen.<br \/><\/span><span style=\"background-color: rgba(255, 255, 255, 0); font-style: var(--body_typography-font-style,normal); letter-spacing: var(--body_typography-letter-spacing);\">3- Individuelle Projekte.<br \/><\/span><span style=\"background-color: rgba(255, 255, 255, 0); font-style: var(--body_typography-font-style,normal); letter-spacing: var(--body_typography-letter-spacing);\">4- Unternehmer und Pionier.<\/span><\/p>\n<\/div><\/div><\/div><style type=\"text\/css\">.fusion-accordian  #accordion-1800-1 .panel-d8ab410a6fd4f43b3 .panel-title a{}.fusion-accordian  #accordion-1800-1 .panel-d8ab410a6fd4f43b3 .toggle-content{}<\/style><div class=\"fusion-panel panel-default panel-d8ab410a6fd4f43b3\"><div class=\"panel-heading\"><h4 class=\"panel-title toggle\"><a aria-expanded=\"false\" aria-controls=\"d8ab410a6fd4f43b3\" role=\"button\" data-toggle=\"collapse\" data-parent=\"#accordion-1800-1\" data-target=\"#d8ab410a6fd4f43b3\" href=\"#d8ab410a6fd4f43b3\"><span class=\"fusion-toggle-icon-wrapper\" aria-hidden=\"true\"><i class=\"fa-fusion-box active-icon awb-icon-minus\" aria-hidden=\"true\"><\/i><i class=\"fa-fusion-box inactive-icon awb-icon-plus\" aria-hidden=\"true\"><\/i><\/span><span class=\"fusion-toggle-heading\">Was macht die GRC German Resources Company GmbH in der Projektentwicklung?<\/span><\/a><\/h4><\/div><div id=\"d8ab410a6fd4f43b3\" class=\"panel-collapse collapse \"><div class=\"panel-body toggle-content fusion-clearfix\">\n<p>1. Schulung, Ausbildung und Anleitung der Gesch\u00e4ftspioniere und -inhaber von mittleren, kleinen und aufstrebenden Wirtschaftsprojekten.<br \/>2- Bereitstellung von Know-How, F\u00e4higkeiten und Bef\u00e4higung f\u00fcr Projektinhaber und Verbesserung ihrer Kontinuit\u00e4t auf dem Arbeitsmarkt.<br \/>3- Bereitstellung von Anleitungs- und Beratungsprogrammen zum Aufbau von Finanz- und Marketingkenntnissen und strategischer Planung.<br \/>4- Schulungen zu moderner Technologie und ihrer besten Nutzung und Einsetzung in den Projekten.<br \/>5- Bereitstellung von Anleitung und Beratung zur Verbesserung der Produktivit\u00e4t und Wettbewerbsf\u00e4higkeit auf den lokalen und internationalen M\u00e4rkten.<br \/>6- Schulungen zu Programmen zur Qualit\u00e4tsverbesserung, Aufbau von Verwaltungskapazit\u00e4ten, Innovation und Kenntnis der Entwicklungsplanung.<br \/><span style=\"background-color: rgba(255, 255, 255, 0); font-style: var(--body_typography-font-style,normal); letter-spacing: var(--body_typography-letter-spacing);\">Jedes Unternehmen bzw. jede Person kann sich direkt an uns wenden und nach dem Ausf\u00fcllen des Informationsformulars einen Termin vereinbaren, um so schnell wie m\u00f6glich einen Beratungstermin zu vereinbaren.<\/span><\/p>\n<\/div><\/div><\/div><\/div><\/div><div class=\"fusion-clearfix\"><\/div><\/div><\/div><div class=\"fusion-layout-column fusion_builder_column fusion-builder-column-2 fusion_builder_column_1_2 1_2 fusion-one-half fusion-column-last\" style=\"width:50%;width:calc(50% - ( ( 4% ) * 0.5 ) );margin-top:0px;margin-bottom:20px;\"><div class=\"fusion-column-wrapper fusion-flex-column-wrapper-legacy\" style=\"background-position:left top;background-repeat:no-repeat;-webkit-background-size:cover;-moz-background-size:cover;-o-background-size:cover;background-size:cover;padding: 0px 0px 0px 0px;\"><div class=\"fusion-builder-row fusion-builder-row-inner fusion-row\"><div class=\"fusion-layout-column fusion_builder_column_inner fusion-builder-nested-column-1 fusion_builder_column_inner_1_1 1_1 fusion-one-full fusion-column-first fusion-column-last\" style=\"margin-top:0px;margin-bottom:20px;\"><div class=\"fusion-column-wrapper fusion-flex-column-wrapper-legacy\" style=\"background-position:left top;background-repeat:no-repeat;-webkit-background-size:cover;-moz-background-size:cover;-o-background-size:cover;background-size:cover;padding: 0px 0px 0px 0px;\"><style type=\"text\/css\"><\/style><div class=\"fusion-title title fusion-title-2 fusion-sep-none fusion-title-text fusion-title-size-one\" style=\"margin-top:10px;margin-right:0px;margin-bottom:15px;margin-left:0px;\"><h1 class=\"title-heading-left\" style=\"margin:0;\">Projektmanagement<\/h1><\/div><div class=\"fusion-clearfix\"><\/div><\/div><\/div><\/div><style type=\"text\/css\">#accordion-1800-2 .fusion-panel:hover{ border-color: #e2e2e2 } #accordion-1800-2 .fusion-panel { border-color:#e2e2e2; }.fusion-accordian  #accordion-1800-2 .panel-title a .fa-fusion-box{ color: #ffffff;}.fusion-accordian  #accordion-1800-2 .panel-title a .fa-fusion-box:before{ font-size: 16px; width: 16px;}.fusion-accordian  #accordion-1800-2 .panel-title a{font-size:14px;color:#549f97;font-family:\"Cairo\";font-weight:700;}.fusion-accordian  #accordion-1800-2 .toggle-content{font-size:14px;color:#666666;font-family:\"Cairo\";font-weight:400;}.fusion-accordian  #accordion-1800-2 .fa-fusion-box { background-color: #212934;border-color: #212934;}.fusion-accordian  #accordion-1800-2 .panel-title a:not(.active):hover, #accordion-1800-2 .fusion-toggle-boxed-mode:hover .panel-title a { color: #e9a825;}.fusion-accordian  #accordion-1800-2 .panel-title .active .fa-fusion-box,.fusion-accordian  #accordion-1800-2 .panel-title a:not(.active):hover .fa-fusion-box { background-color: #e9a825!important;border-color: #e9a825!important;}<\/style><div class=\"accordian fusion-accordian\"><div class=\"panel-group\" id=\"accordion-1800-2\"><style type=\"text\/css\">.fusion-accordian  #accordion-1800-2 .panel-daeb1494473c69610 .panel-title a{}.fusion-accordian  #accordion-1800-2 .panel-daeb1494473c69610 .toggle-content{}<\/style><div class=\"fusion-panel panel-default panel-daeb1494473c69610\"><div class=\"panel-heading\"><h4 class=\"panel-title toggle\"><a aria-expanded=\"false\" aria-controls=\"daeb1494473c69610\" role=\"button\" data-toggle=\"collapse\" data-parent=\"#accordion-1800-2\" data-target=\"#daeb1494473c69610\" href=\"#daeb1494473c69610\"><span class=\"fusion-toggle-icon-wrapper\" aria-hidden=\"true\"><i class=\"fa-fusion-box active-icon awb-icon-minus\" aria-hidden=\"true\"><\/i><i class=\"fa-fusion-box inactive-icon awb-icon-plus\" aria-hidden=\"true\"><\/i><\/span><span class=\"fusion-toggle-heading\">Projektmanagement durch  GRC German Resources Company GmbH<\/span><\/a><\/h4><\/div><div id=\"daeb1494473c69610\" class=\"panel-collapse collapse \"><div class=\"panel-body toggle-content fusion-clearfix\">\n<p>Unser Unternehmen bietet diesen f\u00fchrenden Service im Projektmanagement und strebt danach, die Nachhaltigkeit und Kontinuit\u00e4t des von uns verwalteten Projekts durch den Einsatz von Wissensinstrumenten, F\u00e4higkeiten und modernen und innovativen Techniken zu erreichen.<br \/><span style=\"background-color: rgba(255, 255, 255, 0); font-style: var(--body_typography-font-style,normal); letter-spacing: var(--body_typography-letter-spacing);\">Das Unternehmen erbringt seine Dienstleistungen auf mehreren Ebenen:<\/span><\/p>\n<\/div><\/div><\/div><style type=\"text\/css\">.fusion-accordian  #accordion-1800-2 .panel-c96386199e0101d61 .panel-title a{}.fusion-accordian  #accordion-1800-2 .panel-c96386199e0101d61 .toggle-content{}<\/style><div class=\"fusion-panel panel-default panel-c96386199e0101d61\"><div class=\"panel-heading\"><h4 class=\"panel-title toggle\"><a aria-expanded=\"false\" aria-controls=\"c96386199e0101d61\" role=\"button\" data-toggle=\"collapse\" data-parent=\"#accordion-1800-2\" data-target=\"#c96386199e0101d61\" href=\"#c96386199e0101d61\"><span class=\"fusion-toggle-icon-wrapper\" aria-hidden=\"true\"><i class=\"fa-fusion-box active-icon awb-icon-minus\" aria-hidden=\"true\"><\/i><i class=\"fa-fusion-box inactive-icon awb-icon-plus\" aria-hidden=\"true\"><\/i><\/span><span class=\"fusion-toggle-heading\">Erste Ebene: Etablierung und Planung im Projektmanagement:<\/span><\/a><\/h4><\/div><div id=\"c96386199e0101d61\" class=\"panel-collapse collapse \"><div class=\"panel-body toggle-content fusion-clearfix\">\n<p>Solange Sie die Idee haben, werden wir das Projekt gem\u00e4\u00df Ihrer Idee, dem Projektnamen, dem Zweck, dem Nutzen und Ihren klaren Zielen aufsetzen, damit sich das Projekt in die richtige Richtung zu den gew\u00fcnschten Ergebnissen bewegt unter Ber\u00fccksichtigung der Gr\u00f6\u00dfe des Gr\u00fcndungsbudgets des Projekts.<br \/><span style=\"background-color: rgba(255, 255, 255, 0); font-style: var(--body_typography-font-style,normal); letter-spacing: var(--body_typography-letter-spacing);\">Wir \u00fcbernehmen f\u00fcr Sie folgende Aufgaben:<br \/><\/span><span style=\"background-color: rgba(255, 255, 255, 0); font-style: var(--body_typography-font-style,normal); letter-spacing: var(--body_typography-letter-spacing);\">&#8211; Einreichung des Gr\u00fcndungsdokuments, das eine Beschreibung des Projektumfangs, der wichtigsten Annahmen und Einschr\u00e4nkungen enth\u00e4lt.<br \/><\/span><span style=\"background-color: rgba(255, 255, 255, 0); font-style: var(--body_typography-font-style,normal); letter-spacing: var(--body_typography-letter-spacing);\">&#8211; Untersuchung des gezielten Marktes in Bezug auf Marktgr\u00f6\u00dfe, Nachfrage, Wettbewerber, Kaufkraft, Marketingmethoden und Verkaufsstellen.<br \/><\/span><span style=\"background-color: rgba(255, 255, 255, 0); font-style: var(--body_typography-font-style,normal); letter-spacing: var(--body_typography-letter-spacing);\">&#8211; Untersuchung der Produktions- und Vertriebskosten.<br \/><\/span><span style=\"background-color: rgba(255, 255, 255, 0); font-style: var(--body_typography-font-style,normal); letter-spacing: var(--body_typography-letter-spacing);\">&#8211; \u00d6ffnung von Netzwerken und Kommunikationskan\u00e4len mit Lieferanten (ggf. Rohstoffe) und H\u00e4ndlern.<br \/><\/span><span style=\"background-color: rgba(255, 255, 255, 0); font-style: var(--body_typography-font-style,normal); letter-spacing: var(--body_typography-letter-spacing);\">&#8211; Positive Erwartungen, nah und strategisch.<br \/><\/span><span style=\"background-color: rgba(255, 255, 255, 0); font-style: var(--body_typography-font-style,normal); letter-spacing: var(--body_typography-letter-spacing);\">&#8211; Hindernisse f\u00fcr Kontinuit\u00e4t und weitere Fortschritte<\/span><\/p>\n<\/div><\/div><\/div><style type=\"text\/css\">.fusion-accordian  #accordion-1800-2 .panel-0c29f2792d49bd985 .panel-title a{}.fusion-accordian  #accordion-1800-2 .panel-0c29f2792d49bd985 .toggle-content{}<\/style><div class=\"fusion-panel panel-default panel-0c29f2792d49bd985\"><div class=\"panel-heading\"><h4 class=\"panel-title toggle\"><a aria-expanded=\"false\" aria-controls=\"0c29f2792d49bd985\" role=\"button\" data-toggle=\"collapse\" data-parent=\"#accordion-1800-2\" data-target=\"#0c29f2792d49bd985\" href=\"#0c29f2792d49bd985\"><span class=\"fusion-toggle-icon-wrapper\" aria-hidden=\"true\"><i class=\"fa-fusion-box active-icon awb-icon-minus\" aria-hidden=\"true\"><\/i><i class=\"fa-fusion-box inactive-icon awb-icon-plus\" aria-hidden=\"true\"><\/i><\/span><span class=\"fusion-toggle-heading\">Zweite Ebene: Umsetzung und Management im Projektmanagement:<\/span><\/a><\/h4><\/div><div id=\"0c29f2792d49bd985\" class=\"panel-collapse collapse \"><div class=\"panel-body toggle-content fusion-clearfix\">\n<ul>\n<li>Projektgrenzen verwalten: Projekt (erwartete Arbeit) und Produkt (Features und Funktionen)<\/li>\n<li>Verwaltung von Anforderungen und Lieferungen: durch Analyse und Priorisierung.<\/li>\n<li>Zeitplanmanagement: von der ersten Phase des Produktionsprozesses oder der Annahme durch den Lieferanten bis zum Kundendienst oder Vertrieb.<\/li>\n<li>Finanzmanagement: Kapital, Einkommen und Output des Unternehmens, Gehaltsplanung sowie periodische und t\u00e4gliche Ausgaben.<\/li>\n<li>Qualit\u00e4tsmanagement: Qualit\u00e4tsplanung, -lenkung, -sicherung und -verbesserung<\/li>\n<li>Ressourcenmanagement: finanzielle Ressourcen, Werkzeuge, Humanressourcen, F\u00e4higkeiten, produktive Ressourcen und\/oder Informationstechnologie<\/li>\n<li>Management von Stakeholdern au\u00dferhalb des Unternehmens: Erm\u00f6glichung von Beziehungen zu Lieferanten und H\u00e4ndlern und deren Kontinuit\u00e4t und Kenntnis des Zufriedenheitsgrades.<\/li>\n<li>Kommunikationsabteilung: mit allen Handelsebenen au\u00dferhalb des Unternehmens oder innerhalb seiner zahlreichen Niederlassungen.<\/li>\n<li>Risikomanagement: Risiken identifizieren, bewerten und priorisieren<\/li>\n<li>Beschaffungsabteilung: Aufbau, Pflege und Abschluss von Beziehungen zu Lieferanten von G\u00fctern und Dienstleistungen, die f\u00fcr das Projekt ben\u00f6tigt werden.<\/li>\n<li>Vertriebs-\/Verkaufsmanagement: Aufbau von Beziehungen zu Warenh\u00e4ndlern oder Verk\u00e4ufern.<\/li>\n<\/ul>\n<\/div><\/div><\/div><style type=\"text\/css\">.fusion-accordian  #accordion-1800-2 .panel-b4a78635c03e66f19 .panel-title a{}.fusion-accordian  #accordion-1800-2 .panel-b4a78635c03e66f19 .toggle-content{}<\/style><div class=\"fusion-panel panel-default panel-b4a78635c03e66f19\"><div class=\"panel-heading\"><h4 class=\"panel-title toggle\"><a aria-expanded=\"false\" aria-controls=\"b4a78635c03e66f19\" role=\"button\" data-toggle=\"collapse\" data-parent=\"#accordion-1800-2\" data-target=\"#b4a78635c03e66f19\" href=\"#b4a78635c03e66f19\"><span class=\"fusion-toggle-icon-wrapper\" aria-hidden=\"true\"><i class=\"fa-fusion-box active-icon awb-icon-minus\" aria-hidden=\"true\"><\/i><i class=\"fa-fusion-box inactive-icon awb-icon-plus\" aria-hidden=\"true\"><\/i><\/span><span class=\"fusion-toggle-heading\">\u00dcberwachung und Steuerung von Vorg\u00e4ngen im Projektmanagement durch GRC die German Resources Company:<\/span><\/a><\/h4><\/div><div id=\"b4a78635c03e66f19\" class=\"panel-collapse collapse \"><div class=\"panel-body toggle-content fusion-clearfix\">\n<p>Diese Operationen werden durch folgende Schritte durchgef\u00fchrt:<\/p>\n<ul>\n<li>Messung von bestehenden Projektaktivit\u00e4ten.<\/li>\n<li>\u00dcberwachung von Projektvariablen (Kosten, Aufwand, Umfang usw.) mit dem Projektmanagementplan und der Projektleistung (zuk\u00fcnftiger Prozess \u2013 wie er sein sollte).<\/li>\n<li>Festlegung von Korrekturma\u00dfnahmen, um Risiken oder Eventualit\u00e4ten richtig anzugehen (wie wir wieder auf Kurs kommen k\u00f6nnen).<\/li>\n<\/ul>\n<\/div><\/div><\/div><\/div><\/div><div class=\"fusion-clearfix\"><\/div><\/div><\/div><div class=\"fusion-layout-column fusion_builder_column fusion-builder-column-3 fusion_builder_column_1_2 1_2 fusion-one-half fusion-column-first\" style=\"width:50%;width:calc(50% - ( ( 4% ) * 0.5 ) );margin-right: 4%;margin-top:0px;margin-bottom:20px;\"><div class=\"fusion-column-wrapper fusion-flex-column-wrapper-legacy\" style=\"background-position:left top;background-repeat:no-repeat;-webkit-background-size:cover;-moz-background-size:cover;-o-background-size:cover;background-size:cover;padding: 0px 0px 0px 0px;\"><div class=\"fusion-clearfix\"><\/div><\/div><\/div><div class=\"fusion-layout-column fusion_builder_column fusion-builder-column-4 fusion_builder_column_1_2 1_2 fusion-one-half fusion-column-last\" style=\"width:50%;width:calc(50% - ( ( 4% ) * 0.5 ) );margin-top:0px;margin-bottom:20px;\"><div class=\"fusion-column-wrapper fusion-flex-column-wrapper-legacy\" style=\"background-position:left top;background-repeat:no-repeat;-webkit-background-size:cover;-moz-background-size:cover;-o-background-size:cover;background-size:cover;padding: 0px 0px 0px 0px;\"><div class=\"fusion-clearfix\"><\/div><\/div><\/div><\/div><\/div><\/p>\n","protected":false},"excerpt":{"rendered":"","protected":false},"author":1,"featured_media":0,"parent":0,"menu_order":0,"comment_status":"closed","ping_status":"closed","template":"","meta":{"footnotes":""},"class_list":["post-1800","page","type-page","status-publish","hentry"],"_links":{"self":[{"href":"https:\/\/g-r-company.com\/index.php?rest_route=\/wp\/v2\/pages\/1800"}],"collection":[{"href":"https:\/\/g-r-company.com\/index.php?rest_route=\/wp\/v2\/pages"}],"about":[{"href":"https:\/\/g-r-company.com\/index.php?rest_route=\/wp\/v2\/types\/page"}],"author":[{"embeddable":true,"href":"https:\/\/g-r-company.com\/index.php?rest_route=\/wp\/v2\/users\/1"}],"replies":[{"embeddable":true,"href":"https:\/\/g-r-company.com\/index.php?rest_route=%2Fwp%2Fv2%2Fcomments&post=1800"}],"version-history":[{"count":0,"href":"https:\/\/g-r-company.com\/index.php?rest_route=\/wp\/v2\/pages\/1800\/revisions"}],"wp:attachment":[{"href":"https:\/\/g-r-company.com\/index.php?rest_route=%2Fwp%2Fv2%2Fmedia&parent=1800"}],"curies":[{"name":"wp","href":"https:\/\/api.w.org\/{rel}","templated":true}]}}