{"id":1537,"date":"2021-11-07T13:57:56","date_gmt":"2021-11-07T13:57:56","guid":{"rendered":"https:\/\/g-r-company.com\/?page_id=1537"},"modified":"2022-06-20T13:41:58","modified_gmt":"2022-06-20T13:41:58","slug":"abteilung-fur-handelsvertretung","status":"publish","type":"page","link":"https:\/\/g-r-company.com\/?page_id=1537","title":{"rendered":"Abteilung f\u00fcr Handelsvertretung"},"content":{"rendered":"<p><div class=\"fusion-fullwidth fullwidth-box fusion-builder-row-1 nonhundred-percent-fullwidth non-hundred-percent-height-scrolling\" style=\"background-color: rgba(255,255,255,0);background-position: center center;background-repeat: no-repeat;padding-top:0px;padding-right:0px;padding-bottom:0px;padding-left:0px;margin-bottom: 0px;margin-top: 0px;border-width: 0px 0px 0px 0px;border-color:#e2e2e2;border-style:solid;\" ><div class=\"fusion-builder-row fusion-row\"><div class=\"fusion-layout-column fusion_builder_column fusion-builder-column-0 fusion_builder_column_1_1 1_1 fusion-one-full fusion-column-first fusion-column-last\" style=\"margin-top:0px;margin-bottom:20px;\"><div class=\"fusion-column-wrapper fusion-flex-column-wrapper-legacy\" style=\"background-position:left top;background-repeat:no-repeat;-webkit-background-size:cover;-moz-background-size:cover;-o-background-size:cover;background-size:cover;padding: 0px 0px 0px 0px;\"><div class=\"fusion-text fusion-text-1\"><p><b>Handelsvertretung durch GRC  German-Resources-Company GmbH:<\/b><\/p>\n<p>Der Handelsvertretungsdienst ist eine der wichtigsten Dienstleistungen, worum viele Unternehmen weltweit zur Vertretung ihrer Handelst\u00e4tigkeit in neuen Regionen unter Ber\u00fccksichtigung der Kosten ersuchen. W\u00e4hrend die Er\u00f6ffnung einer Zweigniederlassung f\u00fcr ein Unternehmen oder eine Institution kostspielig ist, fallen f\u00fcr die Handelsvertretung so gut wie keine Kosten an.<br \/><span style=\"background-color: rgba(255, 255, 255, 0); color: var(--body_typography-color); font-family: var(--body_typography-font-family); font-size: var(--body_typography-font-size); font-style: var(--body_typography-font-style,normal); font-weight: var(--body_typography-font-weight); letter-spacing: var(--body_typography-letter-spacing);\">GRC German-Resources-Company GmbH er\u00f6ffnet die Handelsvertretung f\u00fcr das Unternehmen, das neue M\u00e4rkte in Europa oder in einem beliebigen Land der Welt erschlie\u00dfen m\u00f6chte.<\/span><\/p>\n<\/div><div class=\"fusion-clearfix\"><\/div><\/div><\/div><div class=\"fusion-layout-column fusion_builder_column fusion-builder-column-1 fusion_builder_column_1_1 1_1 fusion-one-full fusion-column-first fusion-column-last\" style=\"margin-top:0px;margin-bottom:20px;\"><div class=\"fusion-column-wrapper fusion-flex-column-wrapper-legacy\" style=\"background-position:left top;background-repeat:no-repeat;-webkit-background-size:cover;-moz-background-size:cover;-o-background-size:cover;background-size:cover;padding: 0px 0px 0px 0px;\"><style type=\"text\/css\">#accordion-1537-1 .fusion-panel:hover{ border-color: #e2e2e2 } #accordion-1537-1 .fusion-panel { border-color:#e2e2e2; }.fusion-accordian  #accordion-1537-1 .panel-title a .fa-fusion-box{ color: #ffffff;}.fusion-accordian  #accordion-1537-1 .panel-title a .fa-fusion-box:before{ font-size: 16px; width: 16px;}.fusion-accordian  #accordion-1537-1 .panel-title a{font-size:14px;color:#549f97;font-family:\"Cairo\";font-weight:700;}.fusion-accordian  #accordion-1537-1 .toggle-content{font-size:14px;color:#666666;font-family:\"Cairo\";font-weight:400;}.fusion-accordian  #accordion-1537-1 .fa-fusion-box { background-color: #212934;border-color: #212934;}.fusion-accordian  #accordion-1537-1 .panel-title a:not(.active):hover, #accordion-1537-1 .fusion-toggle-boxed-mode:hover .panel-title a { color: #e9a825;}.fusion-accordian  #accordion-1537-1 .panel-title .active .fa-fusion-box,.fusion-accordian  #accordion-1537-1 .panel-title a:not(.active):hover .fa-fusion-box { background-color: #e9a825!important;border-color: #e9a825!important;}<\/style><div class=\"accordian fusion-accordian\"><div class=\"panel-group\" id=\"accordion-1537-1\"><style type=\"text\/css\">.fusion-accordian  #accordion-1537-1 .panel-ea7874fd4ea3fed85 .panel-title a{}.fusion-accordian  #accordion-1537-1 .panel-ea7874fd4ea3fed85 .toggle-content{}<\/style><div class=\"fusion-panel panel-default panel-ea7874fd4ea3fed85\"><div class=\"panel-heading\"><h4 class=\"panel-title toggle\"><a aria-expanded=\"false\" aria-controls=\"ea7874fd4ea3fed85\" role=\"button\" data-toggle=\"collapse\" data-parent=\"#accordion-1537-1\" data-target=\"#ea7874fd4ea3fed85\" href=\"#ea7874fd4ea3fed85\"><span class=\"fusion-toggle-icon-wrapper\" aria-hidden=\"true\"><i class=\"fa-fusion-box active-icon awb-icon-minus\" aria-hidden=\"true\"><\/i><i class=\"fa-fusion-box inactive-icon awb-icon-plus\" aria-hidden=\"true\"><\/i><\/span><span class=\"fusion-toggle-heading\">Handelsvertretung durch GRC German Resources Company GmbH:<\/span><\/a><\/h4><\/div><div id=\"ea7874fd4ea3fed85\" class=\"panel-collapse collapse \"><div class=\"panel-body toggle-content fusion-clearfix\">Der Handelsvertretungsdienst ist eine der wichtigsten Dienstleistungen, worum viele Unternehmen weltweit zur Vertretung ihrer Handelst\u00e4tigkeit in neuen Regionen unter Ber\u00fccksichtigung der Kosten ersuchen. W\u00e4hrend die Er\u00f6ffnung einer Zweigniederlassung f\u00fcr ein Unternehmen oder eine Institution kostspielig ist, fallen f\u00fcr die Handelsvertretung so gut wie keine Kosten an.<br \/>\nGRC German Resources Company GmbH er\u00f6ffnet die Handelsvertretung f\u00fcr das Unternehmen, das neue M\u00e4rkte in Europa oder in einem beliebigen Land der Welt erschlie\u00dfen m\u00f6chte.<\/div><\/div><\/div><style type=\"text\/css\">.fusion-accordian  #accordion-1537-1 .panel-a0437dc51450b7fa4 .panel-title a{}.fusion-accordian  #accordion-1537-1 .panel-a0437dc51450b7fa4 .toggle-content{}<\/style><div class=\"fusion-panel panel-default panel-a0437dc51450b7fa4\"><div class=\"panel-heading\"><h4 class=\"panel-title toggle\"><a aria-expanded=\"false\" aria-controls=\"a0437dc51450b7fa4\" role=\"button\" data-toggle=\"collapse\" data-parent=\"#accordion-1537-1\" data-target=\"#a0437dc51450b7fa4\" href=\"#a0437dc51450b7fa4\"><span class=\"fusion-toggle-icon-wrapper\" aria-hidden=\"true\"><i class=\"fa-fusion-box active-icon awb-icon-minus\" aria-hidden=\"true\"><\/i><i class=\"fa-fusion-box inactive-icon awb-icon-plus\" aria-hidden=\"true\"><\/i><\/span><span class=\"fusion-toggle-heading\">Vorgehensweise der Handelsvertretung durch GRC German Resources Company GmbH:<\/span><\/a><\/h4><\/div><div id=\"a0437dc51450b7fa4\" class=\"panel-collapse collapse \"><div class=\"panel-body toggle-content fusion-clearfix\">Nach Erhalt der Bekundung vom Interesse an einer Handelsvertretung in Deutschland, Europa, in den Golfstaaten oder weltweit durch GRC German Resources Company GmbH wird zwischen den beiden Parteien eine Vereinbarung getroffen: Die erste Partei ist GRC German Resources Company GmbH, die zweite Partei ist das Unternehmen, das GRC German Resources Company GmbH als Repr\u00e4sentanten in einem Land oder einer Region haben m\u00f6chte.<br \/>\nDer Ablauf der Arbeiten wird punktuell und zeitlich entsprechend dem Auftrag an  GRC German Resources Company GmbH vereinbart.<\/div><\/div><\/div><style type=\"text\/css\">.fusion-accordian  #accordion-1537-1 .panel-c61d98ad14cba9f3b .panel-title a{}.fusion-accordian  #accordion-1537-1 .panel-c61d98ad14cba9f3b .toggle-content{}<\/style><div class=\"fusion-panel panel-default panel-c61d98ad14cba9f3b\"><div class=\"panel-heading\"><h4 class=\"panel-title toggle\"><a aria-expanded=\"false\" aria-controls=\"c61d98ad14cba9f3b\" role=\"button\" data-toggle=\"collapse\" data-parent=\"#accordion-1537-1\" data-target=\"#c61d98ad14cba9f3b\" href=\"#c61d98ad14cba9f3b\"><span class=\"fusion-toggle-icon-wrapper\" aria-hidden=\"true\"><i class=\"fa-fusion-box active-icon awb-icon-minus\" aria-hidden=\"true\"><\/i><i class=\"fa-fusion-box inactive-icon awb-icon-plus\" aria-hidden=\"true\"><\/i><\/span><span class=\"fusion-toggle-heading\">Folgende Aufgabe werden seitens des Unternehmens GRC German Resources Company GmbH wahrgenommen:<\/span><\/a><\/h4><\/div><div id=\"c61d98ad14cba9f3b\" class=\"panel-collapse collapse \"><div class=\"panel-body toggle-content fusion-clearfix\">\u2022 Aus\u00fcbung des autorisierten Gesch\u00e4fts im Namen des Unternehmens oder der Institution, die es autorisiert hat.<br \/>\n\u2022GRC German Resources Company GmbH haftet solidarisch mit dem betrauenden Unternehmen.<br \/>\n\u2022 F\u00fcr alle Bestimmungen der abgeschlossenen Vereinbarung gelten die Gesetze des Landes, in dem der Vertretungsvertrag geschlossen wird.<\/div><\/div><\/div><style type=\"text\/css\">.fusion-accordian  #accordion-1537-1 .panel-5c7a3525c143943e5 .panel-title a{}.fusion-accordian  #accordion-1537-1 .panel-5c7a3525c143943e5 .toggle-content{}<\/style><div class=\"fusion-panel panel-default panel-5c7a3525c143943e5\"><div class=\"panel-heading\"><h4 class=\"panel-title toggle\"><a aria-expanded=\"false\" aria-controls=\"5c7a3525c143943e5\" role=\"button\" data-toggle=\"collapse\" data-parent=\"#accordion-1537-1\" data-target=\"#5c7a3525c143943e5\" href=\"#5c7a3525c143943e5\"><span class=\"fusion-toggle-icon-wrapper\" aria-hidden=\"true\"><i class=\"fa-fusion-box active-icon awb-icon-minus\" aria-hidden=\"true\"><\/i><i class=\"fa-fusion-box inactive-icon awb-icon-plus\" aria-hidden=\"true\"><\/i><\/span><span class=\"fusion-toggle-heading\">M\u00e4rkte, die durch GRC German Resources Company GmbH erschlossen werden k\u00f6nnen:<\/span><\/a><\/h4><\/div><div id=\"5c7a3525c143943e5\" class=\"panel-collapse collapse \"><div class=\"panel-body toggle-content fusion-clearfix\">\n\u2022 EU-Markt<br \/>\n\u2022 USA-Markt<br \/>\n\u2022 Markt des Golfkooperationsrates<br \/>\n\u2022 Markt im Nahen Osten<br \/>\n\u2022 Andere M\u00e4rkte weltweit<\/div><\/div><\/div><style type=\"text\/css\">.fusion-accordian  #accordion-1537-1 .panel-25a2bef3565af00b4 .panel-title a{}.fusion-accordian  #accordion-1537-1 .panel-25a2bef3565af00b4 .toggle-content{}<\/style><div class=\"fusion-panel panel-default panel-25a2bef3565af00b4\"><div class=\"panel-heading\"><h4 class=\"panel-title toggle\"><a aria-expanded=\"false\" aria-controls=\"25a2bef3565af00b4\" role=\"button\" data-toggle=\"collapse\" data-parent=\"#accordion-1537-1\" data-target=\"#25a2bef3565af00b4\" href=\"#25a2bef3565af00b4\"><span class=\"fusion-toggle-icon-wrapper\" aria-hidden=\"true\"><i class=\"fa-fusion-box active-icon awb-icon-minus\" aria-hidden=\"true\"><\/i><i class=\"fa-fusion-box inactive-icon awb-icon-plus\" aria-hidden=\"true\"><\/i><\/span><span class=\"fusion-toggle-heading\">Folgende Dienstleistungen werden von GRC German Resources Company GmbH erbracht:<\/span><\/a><\/h4><\/div><div id=\"25a2bef3565af00b4\" class=\"panel-collapse collapse \"><div class=\"panel-body toggle-content fusion-clearfix\">\u2022 Eine detaillierte Studie des Marktes, in dem das Unternehmen arbeiten m\u00f6chte.<br \/>\n\u2022 Vorlage eines integrierten einj\u00e4hrigen Gesch\u00e4fts- und Marketingplans, der in der ersten Phase experimentell sein wird und basierend auf den Daten modifiziert werden kann.<br \/>\n\u2022 Stellen der Muttergesellschaft alle Vor- und Nachteile dar, denen das Unternehmen w\u00e4hrend der G\u00fcltigkeitsdauer des Vertretungsvertrags ausgesetzt war.<br \/>\n\u2022 Teilnahme an lokalen und regionalen Ausstellungen im Namen der Muttergesellschaft.<br \/>\n\u2022 Und vieles mehr<br \/>\n <\/div><\/div><\/div><\/div><\/div><div class=\"fusion-clearfix\"><\/div><\/div><\/div><\/div><\/div><div class=\"fusion-fullwidth fullwidth-box fusion-builder-row-2 fusion-flex-container nonhundred-percent-fullwidth non-hundred-percent-height-scrolling\" style=\"background-color: rgba(255,255,255,0);background-position: center center;background-repeat: no-repeat;border-width: 0px 0px 0px 0px;border-color:#e2e2e2;border-style:solid;\" ><div class=\"fusion-builder-row fusion-row fusion-flex-align-items-flex-start\" style=\"max-width:1216.8px;margin-left: calc(-4% \/ 2 );margin-right: calc(-4% \/ 2 );\"><\/div><style type=\"text\/css\">.fusion-body .fusion-flex-container.fusion-builder-row-2{ padding-top : 0px;margin-top : 0px;padding-right : 0px;padding-bottom : 0px;margin-bottom : 0px;padding-left : 0px;}<\/style><\/div><\/p>\n","protected":false},"excerpt":{"rendered":"","protected":false},"author":1,"featured_media":0,"parent":0,"menu_order":0,"comment_status":"closed","ping_status":"closed","template":"","meta":{"footnotes":""},"class_list":["post-1537","page","type-page","status-publish","hentry"],"_links":{"self":[{"href":"https:\/\/g-r-company.com\/index.php?rest_route=\/wp\/v2\/pages\/1537"}],"collection":[{"href":"https:\/\/g-r-company.com\/index.php?rest_route=\/wp\/v2\/pages"}],"about":[{"href":"https:\/\/g-r-company.com\/index.php?rest_route=\/wp\/v2\/types\/page"}],"author":[{"embeddable":true,"href":"https:\/\/g-r-company.com\/index.php?rest_route=\/wp\/v2\/users\/1"}],"replies":[{"embeddable":true,"href":"https:\/\/g-r-company.com\/index.php?rest_route=%2Fwp%2Fv2%2Fcomments&post=1537"}],"version-history":[{"count":0,"href":"https:\/\/g-r-company.com\/index.php?rest_route=\/wp\/v2\/pages\/1537\/revisions"}],"wp:attachment":[{"href":"https:\/\/g-r-company.com\/index.php?rest_route=%2Fwp%2Fv2%2Fmedia&parent=1537"}],"curies":[{"name":"wp","href":"https:\/\/api.w.org\/{rel}","templated":true}]}}